 11, what is -45418 - 708?
-46025
In base 11, what is -948159 - 167?
-948315
In base 13, what is 36b829 + -b4?
36b745
In base 16, what is 315 + 5dd?
8f2
In base 13, what is -17 - b07802?
-b07819
In base 14, what is 67 + -9867b6?
-98674d
In base 16, what is 25 - -16370?
16395
In base 7, what is -13203210430 - -5?
-13203210422
In base 6, what is 1432232 - -420?
1433052
In base 13, what is -10 + 34b172?
34b162
In base 8, what is 17477 + 2074?
21573
In base 13, what is -cb44148 + -2?
-cb4414a
In base 9, what is -271073432 - 8?
-271073441
In base 16, what is -13e5d8e + -17?
-13e5da5
In base 14, what is -50962 + 27?
-50939
In base 6, what is 2333040 - 422?
2332214
In base 15, what is -c54 + 31d3?
247e
In base 2, what is -1000101011010000011101 + -1001001?
-1000101011010001100110
In base 4, what is 11 - -13002123213302?
13002123213313
In base 2, what is 1100011000010111111011 - 100?
1100011000010111110111
In base 13, what is -1 - -124c776?
124c775
In base 15, what is 2898474e + 5?
28984754
In base 4, what is -2 - -30323222212031?
30323222212023
In base 3, what is 20 + 202100012002202?
202100012002222
In base 6, what is 321012 + 3542?
324554
In base 8, what is 2 - -763611423?
763611425
In base 13, what is 27cb6032 - 5?
27cb602a
In base 4, what is 130033030023 + 1?
130033030030
In base 8, what is -26 - 1501005?
-1501033
In base 15, what is 198be + -79a7?
11e17
In base 9, what is -207 + -66256?
-66464
In base 11, what is a75a1656 - -4?
a75a165a
In base 8, what is 3153525 + 1032?
3154557
In base 4, what is -2200 - -312331132?
312322332
In base 15, what is 21 + 36b945?
36b966
In base 6, what is 4505 + 2544012?
2552521
In base 5, what is -1010334310 - -103?
-1010334202
In base 15, what is -3 - -93c2e9?
93c2e6
In base 6, what is 435433104 - 32?
435433032
In base 6, what is 50 - -20333513?
20334003
In base 6, what is -155122 - -12210?
-142512
In base 8, what is 70 - 32636?
-32546
In base 10, what is 25985279 + 1?
25985280
In base 12, what is -16a80 - 22b1?
-19171
In base 7, what is -544256 + 24?
-544232
In base 9, what is 5 - -3234312?
3234317
In base 7, what is -620325 - 33?
-620361
In base 7, what is 30044 - 4204?
22540
In base 10, what is 1157 + 289573?
290730
In base 4, what is 231101112 - -301213?
232002331
In base 7, what is -32 + 5123653?
5123621
In base 2, what is 111001100110011110100 - 1101?
111001100110011100111
In base 13, what is -9716a54 - 5?
-9716a59
In base 11, what is 5562074 + 5?
5562079
In base 6, what is 235331020 - 44?
235330532
In base 8, what is -371 - 10127347?
-10127740
In base 8, what is -14456411 + 2?
-14456407
In base 2, what is -110110111000001010011010011 - 100?
-110110111000001010011010111
In base 7, what is 6 + 2523441632?
2523441641
In base 3, what is 0 + 21221102101001?
21221102101001
In base 5, what is 2 + -42410323200?
-42410323143
In base 9, what is -1540 - 3781?
-5431
In base 9, what is -10334 + 1448?
-7775
In base 3, what is -11 - 12122020200012?
-12122020200100
In base 4, what is 120120330011 - -2?
120120330013
In base 10, what is -188 - 218086?
-218274
In base 2, what is -1010011111011100111111001 - -111?
-1010011111011100111110010
In base 6, what is -103105322 - -13?
-103105305
In base 11, what is 7038138 + 41?
7038179
In base 11, what is -187 - -1141781?
11415a5
In base 9, what is -552255 - 31?
-552286
In base 5, what is -3221 - 20022?
-23243
In base 13, what is -c5900 - 14?
-c5914
In base 8, what is 4 - -4337311?
4337315
In base 2, what is -101 + -111111100000001110111?
-111111100000001111100
In base 13, what is -3822110 - -4?
-3822109
In base 15, what is 581d4 + -1d?
581b6
In base 14, what is 1 - 96cc7?
-96cc6
In base 9, what is -17 + 27215115?
27215087
In base 11, what is -315 + 9aa004?
9a979a
In base 14, what is 1965 + c7a?
2801
In base 12, what is 135b60 + 171?
136111
In base 15, what is 3 - 83d8b6a?
-83d8b67
In base 12, what is 59529a - 118?
595182
In base 13, what is 8aa + 55207?
55ab4
In base 14, what is 4204a8 - 6a?
42043c
In base 8, what is 2 - 21755653?
-21755651
In base 4, what is -10 - -2221223212012?
2221223212002
In base 13, what is -4 + 3a27ab03?
3a27aacc
In base 10, what is 6237425 - -6?
6237431
In base 16, what is -94476d + b?
-944762
In base 7, what is 24 - -3444163?
3444220
In base 7, what is -11254511 + 6?
-11254502
In base 10, what is -32010 - 1446?
-33456
In base 8, what is 161 + 266411?
266572
In base 10, what is -33 - 112522?
-112555
In base 16, what is -231c4 - c75?
-23e39
In base 15, what is 1ad0e - -8?
1ad17
In base 12, what is 4 + -1661676?
-1661672
In base 2, what is 111001100 - -10011101110111111?
10011110110001011
In base 11, what is 428 + -8219?
-78a1
In base 15, what is 134460 + 1?
134461
In base 5, what is 3342 - -210031?
213423
In base 8, what is 16 - -5615173?
5615211
In base 14, what is -c8a46 + -2?
-c8a48
In base 5, what is 4201041221 - 240?
4201040431
In base 9, what is -13888735 - -3?
-13888732
In base 8, what is -53717 - 754?
-54673
In base 2, what is 110 - 1100101011000110010011?
-1100101011000110001101
In base 8, what is 423775073 - 2?
423775071
In base 9, what is 1174311 + -107?
1174203
In base 11, what is 14 + -47249a?
-472486
In base 8, what is -124105 + -13326?
-137433
In base 4, what is 1002021210 - -30?
1002021300
In base 9, what is -45 - 10676763?
-10676818
In base 13, what is 2199573 - -3?
2199576
In base 15, what is -1 - -b9eda2?
b9eda1
In base 6, what is -51254032241 + 3?
-51254032234
In base 3, what is 101022 - 2202110121?
-2202002022
In base 4, what is -3 + 1230120231101?
1230120231032
In base 7, what is 2664440 + 1345?
2666115
In base 2, what is -10 + -110100101100111101111111?
-110100101100111110000001
In base 15, what is 88 + -35c1a?
-35b82
In base 12, what is -128b + -3b72?
-5241
In base 6, what is -2 + 1444324132?
1444324130
In base 7, what is -54221 - -65560?
11336
In base 2, what is 101011011 + 110011001010?
111000100101
In base 3, what is 210 + 2200111112202011?
2200111112202221
In base 16, what is -3 + -14defc?
-14deff
In base 5, what is 10132030 + 334?
10132414
In base 8, what is -10324650 + 4?
-10324644
In base 7, what is -214414210 + 15?
-214414162
In base 4, what is 11331232333033 + 3?
11331232333102
In base 5, what is -22303220 - -1433?
-22301232
In base 5, what is 1013130431 + -22?
1013130404
In base 2, what is -1 + 10110111111101101000101?
10110111111101101000100
In base 3, what is -1 - 2101222121100?
-2101222121101
In base 8, what is 0 - 60741422?
-60741422
In base 2, what is -1010110000111111 - 100100100111?
-1011010101100110
In base 16, what is 23f6b754 + 2?
23f6b756
In base 9, what is 52718226 + 38?
52718265
In base 11, what is 1 - 4a961?
-4a960
In base 13, what is 2b - -233b1c6?
233b224
In base 8, what is -1 + -14251234?
-14251235
In base 8, what is -326 - -36446?
36120
In base 11, what is 177 - -77825?
779a1
In base 14, what is -ab - 34d8b?
-35058
In base 13, what is b8684 + -7?
b867a
In base 15, what is b - 101805aa?
-1018059e
In base 16, what is 36c820e - -c?
36c821a
In base 9, what is 16 + -273657?
-273641
In base 15, what is 8 - -382c52?
382c5a
In base 3, what is -1011112201 - -112010?
-1011000121
In base 3, what is -110220120 - -1102212120?
221222000
In base 16, what is -a70 + -5f78?
-69e8
In base 3, what is -11200010102201 - 11?
-11200010102212
In base 6, what is 15 - 2330035?
-2330020
In base 2, what is 10001100010011 + -1111000111?
1111101001100
In base 3, what is -20000022001 - -200120?
-12222121111
In base 14, what is -92 - -2d97d?
2d8cb
In base 15, what is -336 + -a4ae?
-a7e5
In base 16, what is -13 - -c4b5?
c4a2
In base 10, what is 2495598 + 4?
2495602
In base 2, what is 1 - -1001101000001010011100001?
1001101000001010011100010
In base 7, what is 0 + 3454102520?
3454102520
In base 16, what is -1cdc8a9 - 7?
-1cdc8b0
In base 3, what is -201210022 - 1110210200?
-2012120222
In base 4, what is 3121311 + 1033123?
10221100
In base 14, what is -165 + -b4091?
-b4216
In base 2, what is 0 - -10001101100000111000101010?
10001101100000111000101010
In base 16, what is 7ac1b2 - -3?
7ac1b5
In base 8, what is -1245 + -1206616?
-1210063
In base 15, what is 32 - 8ec41?
-8ec0e
In base 15, what is -21 + -2e4307?
-2e4328
In base 9, what is -12127350 + 66?
-12127273
In base 3, what is -12 + 201100020101001?
201100020100212
In base 15, what is 54